w(u) = 2*u**2 + u + 3. Calculate the remainder when b is divided by w(l).
22
Suppose -5*m + 62 = -308. Let j(c) = 9*c**2 + 11*c - 73. What is the remainder when m is divided by j(3)?
33
Let b(a) = -13*a**2 + 7*a + 1. Let f be b(3). Let d = -68 - f. Suppose w - 395 = -4*w. What is the remainder when w is divided by d?
25
Let d(h) = -14658*h + 29. What is the remainder when d(-1) is divided by 226?
223
Let q = -122860 + 122879. Let c = -216 + 421. What is the remainder when c is divided by q?
15
Let d(m) = 5*m - 19. Let q(r) = -3*r + 20. Let i(u) = -3*d(u) - 4*q(u). Let v be 2/(-4) + (-27)/2. Calculate the remainder when 54 is divided by i(v).
16
Let s = -75 + 96. Let y(u) = 70*u**2 + 8*u + 9. Calculate the remainder when y(-1) is divided by s.
8
Let j = 480 - 577. Calculate the remainder when 2/(-1 + j/(-95)) + 3 is divided by 3/2*(36 - 2).
47
Let p(o) = -o**3 - 4*o**2 + 2*o + 3. Suppose 5*w + 9 = y, 5*w - 9*w - 5 = -3*y. What is the remainder when (y - -53 - -3) + -3 is divided by p(-5)?
16
Suppose -8*m = -9*m - 2*r + 84, 2*m - 3*r = 168. What is the remainder when 154 is divided by m?
70
Let b(v) = v**3 - 2*v**2 + 2*v + 2. Suppose 133*j = 126*j. Let x(u) = u**2 + u + 9. Calculate the remainder when x(0) is divided by b(j).
1
Suppose 11*g - 15 - 7 = 0. Let m(d) = 8*d**2 + 44 - 17*d**g + d**3 + 3. Calculate the remainder when 136 is divided by m(9).
42
Let b(f) = 19*f - 16. Let p be b(1). Suppose 6*j + 56 = 2*t + j, p*t - j = 110. Calculate the remainder when 148 is divided by t.
34
Suppose 34*k = 28*k - 157 + 715. Calculate the remainder when 197 is divided by k.
11
Let s = -25 - -41. Let n be 37*(72/(-60))/(3/10). Let y = 242 + n. What is the remainder when y is divided by s?
14
Let b = 121 - -14. Let o = 297 - b. Calculate the remainder when o is divided by 33.
30
Let i be 2 + 10/(-7) + (-54)/21. Let g = -29 + 56. What is the remainder when g is divided by -7*i*(5/(-2) - -3)?
6
Suppose -18*g + 208 = 24 - 590. Calculate the remainder when 4942 is divided by g.
40
Let h(r) = 2*r**3 - 36*r**2 - 31*r + 6. Let g be h(19). Let a = g - 124. Suppose 5 = -u, -3*u - 446 = -3*c + 13. Calculate the remainder when c is divided by a.
13
Let t = 25695 - 8308. Calculate the remainder when t is divided by 10.
7
Let z(c) = 18*c - 372. What is the remainder when z(32) is divided by 185?
19
Let g be (-4)/6 - (-910)/105. Suppose 4*t = 5*x + 61 - g, x = -5. Suppose 1 = 3*d + u - 21, -d + 14 = 2*u. Calculate the remainder when t is divided by d.
1
Suppose 2*i - 3*j = 3423, -13*j + 7 = -12*j. What is the remainder when i is divided by 108?
102
Let n be (-6)/(-6)*(1 + -152). Let x = n + 187. What is the remainder when x is divided by 16?
4
Let h(g) = -g + 7. Let s be h(4). Suppose s*p + 62 = 2*x, 3*x + 57 = p - 4*p. Let a = p + 47. What is the remainder when 53 is divided by a?
26
Suppose 17*h - h = 134*h - 186676. Calculate the remainder when h is divided by 64.
46
Suppose -6*r = 34 - 64. Suppose 4*h + r*n - 194 = 0, 0 = 2*h + 3*n - 140 + 44. What is the remainder when 250 is divided by h?
46
Suppose 0 = -1661*o + 1683*o - 1018 - 500. Let a = 51 + -14. Calculate the remainder when o is divided by a.
32
What is the remainder when (3/(-2))/((-588)/36848) is divided by 20?
14
Let l = 32 - 18. What is the remainder when (9/15)/(53/18285) is divided by l?
11
What is the remainder when 2770 is divided by (-6)/(-8)*(36 + 3 - -9)?
34
Let j be -34 + 21 + 4 + 2. Let n(u) = -2*u - 10. What is the remainder when 9 is divided by n(j)?
1
Let u be (-99)/7 + 7/(343/(-42)). What is the remainder when 678/9 + (-55)/u + -4 is divided by 42?
33
Let s = 11 + -26. Let f be s/(-45)*(-1 + -272). Let v = f + 98. Calculate the remainder when 81 is divided by v.
4
Suppose -15*v = -89*v + 5994. What is the remainder when 319 is divided by v?
76
Let i = 54 + -34. Suppose 16*y + 4484 = i*y. Suppose 257 = -8*u + y. What is the remainder when u is divided by 22?
20
Let a = 5744 + -3637. What is the remainder when a is divided by 66?
61
Suppose 21*k = -31*k + 3016. What is the remainder when k is divided by (-300)/(-7) + 4/28?
15
Let d = -85 - -85. Suppose 3*v - 36 = -d*v + 5*i, 4*v = 5*i + 53. Suppose -p + 60 = 4*p. Calculate the remainder when v is divided by p.
5
Suppose 0 = n - n + 46*n - 690. Calculate the remainder when 632 is divided by n.
2
Let h be (-2031)/(-15) - 18/45. Calculate the remainder when ((-17)/51)/((-1)/h) is divided by 17.
11
Let f(k) = 162*k + 3266. What is the remainder when 518 is divided by f(-20)?
24
Let v be 54/63 - (-12)/(-14). Suppose 12*z + 13*z - 2875 = v. Calculate the remainder when z is divided by 20.
15
Suppose 4*m - a = 3 - 0, -12 = 4*a. Suppose 3*d - d + 2 = m. Let u(j) = -10*j**3 + j + 2. What is the remainder when 19 is divided by u(d)?
8
Let k(l) = 7*l**2 - l. Suppose -3*v - 2*i = 2*i + 12, 0 = -2*v - 4*i - 8. What is the remainder when (v/(-6))/(-2*(-3)/117) is divided by k(-1)?
5
Suppose 5*a + 4*v = 311, 0 = 5*a + a - 3*v - 420. Calculate the remainder when a is divided by 51.
16
Let d(b) = -13 + 3*b + 0*b**2 - 4*b**2 + 5*b**2. What is the remainder when d(4) is divided by 2?
1
What is the remainder when 130 is divided by (1 - -26) + ((-156)/3)/13?
15
Let b be (-73 - -64)*1*-1. Calculate the remainder when 94 is divided by b - 14*(-8)/16.
14
Suppose -j = -r - 3*j - 4, -5*j - 10 = 0. Let v be (r/(5/1))/2. Suppose 6*c - 80 - 232 = v. What is the remainder when c is divided by 27?
25
Let p(h) = 3*h**3 - 8*h**2 + h + 8. Calculate the remainder when 381 is divided by p(5).
5
Let j be (1354/10)/((-58)/(-290)). Let i = -545 + j. What is the remainder when i is divided by 52?
28
Let i(g) = g**3 + g**2 + 77. Suppose -n - 10*t - 129 = 0, 6 = -2*n + 1778*t - 1780*t. Calculate the remainder when i(0) is divided by n.
0
Suppose 200*q + 316735 = -124*q + 1138075. What is the remainder when q is divided by 121?
115
Let o = -329 - -376. Let q = 114 - o. Suppose 2*h + 4*d - 38 = 0, -h = 3*d + 5 - 22. Calculate the remainder when q is divided by h.
21
Suppose -13 + 40 = 9*m. Suppose -4*w = -m*w - 9. What is the remainder when (0 - -59)*w/9 is divided by 20?
19
Let h(t) = 7*t + 87. Let l be h(-11). Suppose l*o = 24*o - 2198. What is the remainder when o is divided by 32?
29
Let d(s) = s**2 + 10*s - 811. What is the remainder when 354 is divided by d(24)?
4
Let w(n) = -n**3 - 13*n**2 - 17*n + 98. What is the remainder when w(-15) is divided by 4?
3
Let f = 36 - 32. Suppose -2*w - 4*z + 162 + 1000 = 0, -f*w - 5*z = -2312. Suppose -123 = 5*b - w. What is the remainder when b is divided by 31?
28
Suppose 0 = 4*q - 91 - 25. Let a = 1470 + -1416. What is the remainder when a is divided by q?
25
Suppose 0 = 5*j - 5 - 20. Calculate the remainder when 9/((-12)/9*15/(-20)) is divided by j.
4
Let m(y) = 3*y**3 + 73*y**2 + 61*y + 163. Calculate the remainder when m(-23) is divided by 177.
168
Let z = 636 - 426. What is the remainder when 3/((99/z)/11) is divided by (5 + 9 - 8) + 2/1?
6
Let w = 452 - 128. Let j = -289 + w. Calculate the remainder when 34*(1/(-1) - -3) is divided by j.
33
Let h be ((-6)/(-8))/((-6)/(-264)). Let v = h + 201. What is the remainder when v is divided by (-1 - -48)*(-25 - -26)?
46
Let p(d) = d**3 - 9*d**2 - 8*d - 45. Let s(z) = -z**3 + 5*z**2 - 6*z + 19. Let c be s(4). Calculate the remainder when p(c) is divided by 23.
17
Suppose -5*s - 20 = 0, 5*c + 108 = -9*s + 7*s. What is the remainder when 77 is divided by 2/(-10) - 8*98/c?
38
Suppose 234 = -5*r + 2*r. Suppose -694 + 699 = 5*u. Let p = u - r. What is the remainder when p is divided by 10?
9
Let x(k) = -792*k - 4413. What is the remainder when 2695 is divided by x(-6)?
322
Suppose -21*a = -19*a - 388. Let w = -191 + a. What is the remainder when 27 is divided by w?
0
Suppose -7*s + 19329 = 58*s - 21296. What is the remainder when 632 is divided by s?
7
Suppose 0 = -4*c - 2*q - 1838, 5*c = -2*q - 2240 - 60. Let g = c - -581. Calculate the remainder when g is divided by 24.
23
Calculate the remainder when ((-233)/2 - (-10 - -6))/((-33)/44) is divided by 18.
6
Suppose 10 - 52 = 2*x + 3*i, -2*i + 68 = -4*x. Let k be (x/12)/(6/8) + -241. Let h = 402 + k. Calculate the remainder when h is divided by 18.
15
Suppose -4*x = -x + 5*l - 59, x - 14 = 4*l. Let h(n) = 12*n**2 + 13*n + 28. Let v be h(-2). What is